{"id":43,"date":"2015-04-23T20:27:57","date_gmt":"2015-04-23T18:27:57","guid":{"rendered":"http:\/\/stillgeboren.de\/?page_id=43"},"modified":"2015-04-23T22:23:59","modified_gmt":"2015-04-23T20:23:59","slug":"tobias-geschichte","status":"publish","type":"page","link":"http:\/\/stillgeboren.de\/?page_id=43","title":{"rendered":"Tobias Geschichte"},"content":{"rendered":"<p style=\"text-align: left;\">\u00a0Am 22. August 1997 habe ich unseren ersten Sohn, Tobias, in der 24 Schwangerschaftswoche still geboren. Ich hatte einen Infekt mit Streptokken, der zu vorzeitigen Wehen und schlie\u00dflich zum Blasensprung f\u00fchrte.<\/p>\n<p>Es war, als wenn mir jemand den Boden unter den F\u00fc\u00dfen weggezogen hat.<\/p>\n<p>Die ersten Wochen danach waren kaum auszuhalten. Das schlimmste war die Einsamkeit, das Alleingelassen sein. Bis auf eine Freundin waren auf einmal alle &#8211; selbst die Familie &#8211; wie vom Erdboden verschwunden. Niemand erlaubte mir, von meinem Sohn zu sprechen. Wenn ich es gleichwohl begann, wurde einfach des Thema gewechselt. Keiner verstand, da\u00df f\u00fcr mich es einfach wichtig war, meinen Schmerz auszusprechen.<\/p>\n<p>Erst als ich andere trauernde Eltern bei den \u201cVerwaisten Eltern\u201d kennenlernte, sp\u00fcrte ich, da\u00df meine Gef\u00fchle v\u00f6llig normal waren. Insbesondere das Trauerseminar der \u201cVerwaisten Eltern\u201d in Bad Segeberg im Dezember 1997 gab mir viel Kraft. Aus diesem Grunde habe ich mehrer Jahre ehrenamtlich f\u00fcr den Bundesberband \u201cVerwaiste Eltern in Deutschland e.V.\u201d, deren Hompage (http:\/\/www.veid.de) ich aufgebaut habe, gearbeitet.<\/p>\n<p>Durch das Trauerseminar, aber auch durch unsere Babygruppe &#8211; eine begleitete Selbsthilfegruppe (des Vereins der Verwaisten Eltern Hamburg) von Eltern, die ihr Kind w\u00e4hrend der Schwangerschaft, bei der Geburt oder kurz danach verloren haben-, habe ich gelernt, da\u00df es f\u00fcr mich ganz wichtig ist, den Platz, den Tobias in meinem Herzen hat, auch nach au\u00dfen zu gestalten. Ich habe daher diese Seite in Gedenken an unseren ersten Sohn gestaltet und m\u00f6chte andere betroffene Eltern ermutigen und anregen, ihre Trauer und ihre Erinnerungen nicht in ihrem Herzen zu verschlie\u00dfen.<\/p>\n<p>Es ist ein langer Weg durch die Trauer, doch heute (Anfang 2000) fast 3 Jahre danach, kann ich an Tobias denken, ohne das es noch so sehr weh tut. Tobias hat genauso einen Platz in meinem Herzen gefunden, wie Pascal, unser zweiter Sohn.<\/p>\n<p>Drei Jahre nach dem Tod von Tobias interviewte mich eine Journalistin und schrieb den folgenen Artikel:<\/p>\n<p style=\"text-align: center;\"><strong><a title=\"Trauern verboten: Die \u201cstille\u201d Geburt\" href=\"http:\/\/stillgeboren.de\/?p=50\">Trauern verboten: Die \u201cstille\u201d Geburt 03.10.2000<\/a><br \/>\nvon Leykam-Remien<\/strong><\/p>\n<p style=\"text-align: right;\">\u00a9 Pirko Lehmitz<\/p>\n","protected":false},"excerpt":{"rendered":"<p>\u00a0Am 22. August 1997 habe ich unseren ersten Sohn, Tobias, in der 24 Schwangerschaftswoche still geboren. Ich hatte einen Infekt mit Streptokken, der zu vorzeitigen Wehen und schlie\u00dflich zum Blasensprung f\u00fchrte. Es war, als wenn mir jemand den Boden unter den F\u00fc\u00dfen weggezogen hat. Die ersten Wochen danach waren kaum auszuhalten. Das schlimmste war die &hellip; <a href=\"http:\/\/stillgeboren.de\/?page_id=43\" class=\"more-link\"><span class=\"screen-reader-text\">Tobias Geschichte<\/span> weiterlesen <span class=\"meta-nav\">&rarr;<\/span><\/a><\/p>\n","protected":false},"author":2,"featured_media":0,"parent":13,"menu_order":0,"comment_status":"closed","ping_status":"closed","template":"","meta":[],"_links":{"self":[{"href":"http:\/\/stillgeboren.de\/index.php?rest_route=\/wp\/v2\/pages\/43"}],"collection":[{"href":"http:\/\/stillgeboren.de\/index.php?rest_route=\/wp\/v2\/pages"}],"about":[{"href":"http:\/\/stillgeboren.de\/index.php?rest_route=\/wp\/v2\/types\/page"}],"author":[{"embeddable":true,"href":"http:\/\/stillgeboren.de\/index.php?rest_route=\/wp\/v2\/users\/2"}],"replies":[{"embeddable":true,"href":"http:\/\/stillgeboren.de\/index.php?rest_route=%2Fwp%2Fv2%2Fcomments&post=43"}],"version-history":[{"count":2,"href":"http:\/\/stillgeboren.de\/index.php?rest_route=\/wp\/v2\/pages\/43\/revisions"}],"predecessor-version":[{"id":106,"href":"http:\/\/stillgeboren.de\/index.php?rest_route=\/wp\/v2\/pages\/43\/revisions\/106"}],"up":[{"embeddable":true,"href":"http:\/\/stillgeboren.de\/index.php?rest_route=\/wp\/v2\/pages\/13"}],"wp:attachment":[{"href":"http:\/\/stillgeboren.de\/index.php?rest_route=%2Fwp%2Fv2%2Fmedia&parent=43"}],"curies":[{"name":"wp","href":"https:\/\/api.w.org\/{rel}","templated":true}]}}