{"id":75,"date":"2015-04-23T21:27:08","date_gmt":"2015-04-23T19:27:08","guid":{"rendered":"http:\/\/stillgeboren.de\/?page_id=75"},"modified":"2015-04-23T22:16:17","modified_gmt":"2015-04-23T20:16:17","slug":"sammlungen","status":"publish","type":"page","link":"http:\/\/stillgeboren.de\/?page_id=75","title":{"rendered":"Sammlungen"},"content":{"rendered":"<p><strong>Pressespiegel<\/strong><br \/>\n<a href=\"http:\/\/stillgeboren.de\/wp-content\/uploads\/2015\/04\/Pressespiegelaufmacher.gif\"><img loading=\"lazy\" class=\" size-medium wp-image-79 alignright\" src=\"http:\/\/stillgeboren.de\/wp-content\/uploads\/2015\/04\/Pressespiegelaufmacher.gif\" alt=\"Pressespiegelaufmacher\" width=\"239\" height=\"143\" \/><\/a><br \/>\nInzwischen habe ich eine Menge Presseartikel gesammelt, die sich mit dem Thema \u201cTod eines Kindes\u201d und zum Teil auch insbesondere mit dem Thema \u201cFr\u00fchtod\u201d befassen. Es finden sich darunter auch vier Artikel \u00fcber mich. Einen in der Tina zum Thema \u201cSelbsthilfegruppe\u201d ,\u00a0 einen zum Thema &#8222;stille Geburt&#8220; und zwei zum Thema Gedenkgottesdienst : Hamburger Abendblatt und in der Bild am Sonntag.<\/p>\n<p><strong>Gedichte<\/strong><\/p>\n<p>Fast genau drei Monate nacht Tobias\u2019 Tod habe ich angefangen, meine Gedanken, wie sie immer und immer wieder in meinem Kopf kreisten, einfach nieder zuschreiben, um mir so wieder Luft zu machen. Ich stellte sehr schnell fest, da\u00df es f\u00fcr mich richtig eine Erleichterung war. Daraus ist diese kleine Sammlung von Gedichten geworden.<\/p>\n<p>Zu finden sind hier aber auch Gedichte anderer.<\/p>\n<p><strong>Liedertexte<\/strong><\/p>\n<p>Hier habe ich einige Liedertexte von Lieder, die mich oder auch andere in der Trauer begleitet haben.<\/p>\n<p><strong>Geschichten und Texte<\/strong><\/p>\n<p>Kurze Geschichten und Texte rund um das Thema Trauer.<br \/>\n<strong>W\u00fcnsche<\/strong><\/p>\n<p>Wer trauert ist oft nicht in der Lage, seine W\u00fcnsche zu \u00e4u\u00dfern. Dabei ist es gar nicht so schwer zu helfen: Wie schreibt es Renate Salzbrenner in ihrem Gedicht so sch\u00f6n \u201c&#8230;Doch jede Hand, die man uns entgegenstreckt, verwandelt sich in Licht\u201d\u00a0 Aus diesem Grund habe ich f\u00fcr diejenigen, die Eltern begleiten wollen, eine pers\u00f6nliche Wunschliste zusammengestellt, \u00fcber das, was mir geholfen h\u00e4tte.<\/p>\n<p><strong>Spr\u00fcchesammlung<\/strong><\/p>\n<p>Jeder von Euch, der selbst ein Kind verloren hat, kennt sie, die meist gut gemeinten Spr\u00fcche oder Ratschl\u00e4ge, &#8211; von Leuten, die von unserem Schmerz genausoviel Ahnung hat, wie der Blinde von der Farbe &#8211; , und die daher ihr Ziel so gr\u00fcndlich verfehlen.<\/p>\n<p><a href=\"http:\/\/stillgeboren.de\/wp-content\/uploads\/2015\/04\/Abschiednehmen02.jpg\"><img loading=\"lazy\" class=\" size-medium wp-image-78 alignright\" src=\"http:\/\/stillgeboren.de\/wp-content\/uploads\/2015\/04\/Abschiednehmen02-300x192.jpg\" alt=\"Abschiednehmen02\" width=\"300\" height=\"192\" srcset=\"http:\/\/stillgeboren.de\/wp-content\/uploads\/2015\/04\/Abschiednehmen02-300x192.jpg 300w, http:\/\/stillgeboren.de\/wp-content\/uploads\/2015\/04\/Abschiednehmen02.jpg 341w\" sizes=\"(max-width: 300px) 100vw, 300px\" \/><\/a><br \/>\n<strong>Gottesdienste<\/strong><\/p>\n<p>Hier kann man eine Auswahl an Gedenkgottesdienstens bzw. Gottesdiensteen zum Thema Abschied finden. Zum Teil mit vollst\u00e4ndigem Ablaufplan.<\/p>\n<p><strong>B\u00fcchertips<\/strong><\/p>\n<p>Eine ganz pers\u00f6nliche Zusammenstellung von B\u00fcchern, die mir gerade in der Anfangszeit gutgetan haben und bei denen es sich nicht immer um die typischen Trauerb\u00fccher handelt. Bei einigen B\u00fccher habe ich auch f\u00fcr Euch Leseproben ausgesucht.<\/p>\n","protected":false},"excerpt":{"rendered":"<p>Pressespiegel Inzwischen habe ich eine Menge Presseartikel gesammelt, die sich mit dem Thema \u201cTod eines Kindes\u201d und zum Teil auch insbesondere mit dem Thema \u201cFr\u00fchtod\u201d befassen. Es finden sich darunter auch vier Artikel \u00fcber mich. Einen in der Tina zum Thema \u201cSelbsthilfegruppe\u201d ,\u00a0 einen zum Thema &#8222;stille Geburt&#8220; und zwei zum Thema Gedenkgottesdienst : Hamburger &hellip; <a href=\"http:\/\/stillgeboren.de\/?page_id=75\" class=\"more-link\"><span class=\"screen-reader-text\">Sammlungen<\/span> weiterlesen <span class=\"meta-nav\">&rarr;<\/span><\/a><\/p>\n","protected":false},"author":2,"featured_media":0,"parent":0,"menu_order":4,"comment_status":"closed","ping_status":"closed","template":"","meta":[],"_links":{"self":[{"href":"http:\/\/stillgeboren.de\/index.php?rest_route=\/wp\/v2\/pages\/75"}],"collection":[{"href":"http:\/\/stillgeboren.de\/index.php?rest_route=\/wp\/v2\/pages"}],"about":[{"href":"http:\/\/stillgeboren.de\/index.php?rest_route=\/wp\/v2\/types\/page"}],"author":[{"embeddable":true,"href":"http:\/\/stillgeboren.de\/index.php?rest_route=\/wp\/v2\/users\/2"}],"replies":[{"embeddable":true,"href":"http:\/\/stillgeboren.de\/index.php?rest_route=%2Fwp%2Fv2%2Fcomments&post=75"}],"version-history":[{"count":5,"href":"http:\/\/stillgeboren.de\/index.php?rest_route=\/wp\/v2\/pages\/75\/revisions"}],"predecessor-version":[{"id":82,"href":"http:\/\/stillgeboren.de\/index.php?rest_route=\/wp\/v2\/pages\/75\/revisions\/82"}],"wp:attachment":[{"href":"http:\/\/stillgeboren.de\/index.php?rest_route=%2Fwp%2Fv2%2Fmedia&parent=75"}],"curies":[{"name":"wp","href":"https:\/\/api.w.org\/{rel}","templated":true}]}}