{"id":907,"date":"2015-05-08T21:52:51","date_gmt":"2015-05-08T19:52:51","guid":{"rendered":"http:\/\/stillgeboren.de\/?page_id=907"},"modified":"2015-05-08T21:59:02","modified_gmt":"2015-05-08T19:59:02","slug":"berichte-beerdigung","status":"publish","type":"page","link":"http:\/\/stillgeboren.de\/?page_id=907","title":{"rendered":"Berichte Beerdigung"},"content":{"rendered":"<h1><a title=\"Beerdigung von KIM-NOVA\" href=\"http:\/\/stillgeboren.de\/?p=905\">Beerdigung von KIM-NOVA<\/a><\/h1>\n<h1><a title=\"Wenn ich ehrlich bin, bin ich sogar erleichtert, dass Rebecca mit einem Opa zusammen in diesem Grab beerdigt ist und nicht alleine\" href=\"http:\/\/stillgeboren.de\/?p=902\">Wenn ich ehrlich bin, bin ich sogar erleichtert, dass Rebecca mit einem Opa zusammen in diesem Grab beerdigt ist <\/a><\/h1>\n<h1><a title=\"Gl\u00fccklicherweise mu\u00dfte ich Tobias beerdigen\" href=\"http:\/\/stillgeboren.de\/?p=909\">Gl\u00fccklicherweise mu\u00dfte ich Tobias beerdigen<\/a><\/h1>\n<h1><a title=\"Er wurde zugedeckt mir vielen sch\u00f6nen bunten Blumen und ich wollte ewig bei ihm stehen bleiben\u2026.\" href=\"http:\/\/stillgeboren.de\/?p=914\">Er wurde zugedeckt mir vielen sch\u00f6nen bunten Blumen und ich wollte ewig bei ihm stehen bleiben&#8230;.<\/a><\/h1>\n","protected":false},"excerpt":{"rendered":"<p>Beerdigung von KIM-NOVA Wenn ich ehrlich bin, bin ich sogar erleichtert, dass Rebecca mit einem Opa zusammen in diesem Grab beerdigt ist Gl\u00fccklicherweise mu\u00dfte ich Tobias beerdigen Er wurde zugedeckt mir vielen sch\u00f6nen bunten Blumen und ich wollte ewig bei ihm stehen bleiben&#8230;.<\/p>\n","protected":false},"author":2,"featured_media":0,"parent":335,"menu_order":0,"comment_status":"closed","ping_status":"closed","template":"","meta":[],"_links":{"self":[{"href":"http:\/\/stillgeboren.de\/index.php?rest_route=\/wp\/v2\/pages\/907"}],"collection":[{"href":"http:\/\/stillgeboren.de\/index.php?rest_route=\/wp\/v2\/pages"}],"about":[{"href":"http:\/\/stillgeboren.de\/index.php?rest_route=\/wp\/v2\/types\/page"}],"author":[{"embeddable":true,"href":"http:\/\/stillgeboren.de\/index.php?rest_route=\/wp\/v2\/users\/2"}],"replies":[{"embeddable":true,"href":"http:\/\/stillgeboren.de\/index.php?rest_route=%2Fwp%2Fv2%2Fcomments&post=907"}],"version-history":[{"count":4,"href":"http:\/\/stillgeboren.de\/index.php?rest_route=\/wp\/v2\/pages\/907\/revisions"}],"predecessor-version":[{"id":918,"href":"http:\/\/stillgeboren.de\/index.php?rest_route=\/wp\/v2\/pages\/907\/revisions\/918"}],"up":[{"embeddable":true,"href":"http:\/\/stillgeboren.de\/index.php?rest_route=\/wp\/v2\/pages\/335"}],"wp:attachment":[{"href":"http:\/\/stillgeboren.de\/index.php?rest_route=%2Fwp%2Fv2%2Fmedia&parent=907"}],"curies":[{"name":"wp","href":"https:\/\/api.w.org\/{rel}","templated":true}]}}