{"id":95,"date":"2015-04-23T21:58:19","date_gmt":"2015-04-23T19:58:19","guid":{"rendered":"http:\/\/stillgeboren.de\/?page_id=95"},"modified":"2015-04-25T21:51:12","modified_gmt":"2015-04-25T19:51:12","slug":"informationen-2","status":"publish","type":"page","link":"http:\/\/stillgeboren.de\/?page_id=95","title":{"rendered":"Informationen"},"content":{"rendered":"<p><strong>Rechtliche Informationen<\/strong><\/p>\n<p>Leider gibt es immerwieder auch noch rechtliche Probleme, die Eltern, die ein Baby verloren haben, bew\u00e4ltigen m\u00fcssen. Fragen z.B. zum Namensrecht, d.h. welche Kindern werden ins Familienbuch eingetragen, kann man auch einen Vornamen eintragen lassen. Ganz viele Fragen erreichen mich aber zum\u00a0 Mutterschutz, d.h. steht M\u00fcttern totgeborenen Kindern \u00fcberhaupt Mutterschutz zu und wie lange. Hier gibt es offenbar sowohl bei den Arbeitgebern, aber leider auch bei den Krankenkassen gro\u00dfen Nachholebedaft in Sachen Informationen.<\/p>\n<p>Inzwischen ist auch die Seite \u00fcber das Bestattungsrecht fertig.<\/p>\n<p><a href=\"http:\/\/stillgeboren.de\/?p=200\"><strong>B\u00fcchertips<\/strong><\/a><\/p>\n<p>Eine ganz p<strong><a href=\"http:\/\/stillgeboren.de\/wp-content\/uploads\/2015\/04\/lesen.gif\"><img loading=\"lazy\" class=\" size-full wp-image-233 alignright\" src=\"http:\/\/stillgeboren.de\/wp-content\/uploads\/2015\/04\/lesen.gif\" alt=\"lesen\" width=\"103\" height=\"111\" \/><\/a><\/strong>ers\u00f6nliche Zusammenstellung von B\u00fcchern, die mir gerade in der Anfangszeit gutgetan haben und bei denen es sich nicht immer um die typischen Trauerb\u00fccher handelt. Bei einigen B\u00fccher habe ich auch f\u00fcr Euch Leseproben ausgesucht.<\/p>\n<p><strong>Aufs\u00e4tze<\/strong><\/p>\n<p>In dieser Rubrik findet Ihr einige Aufs\u00e4tze zu dem Thema \u201cFr\u00fchtod\u201d (Es kommen noch mehr Aufs\u00e4tze dazu, ich bin beim Sammeln).<\/p>\n<p><a href=\"http:\/\/stillgeboren.de\/?p=141\"><strong>Weltgedenktag<\/strong><\/a><\/p>\n<p>Hier gibt es Informationen rund um den Weltgedenktag f\u00fcr verstorbene T\u00f6chter, S\u00f6hne und Geschwister: Bedeut<strong><a href=\"http:\/\/stillgeboren.de\/wp-content\/uploads\/2015\/04\/candlelighting.gif\"><img loading=\"lazy\" class=\" size-full wp-image-137 alignright\" src=\"http:\/\/stillgeboren.de\/wp-content\/uploads\/2015\/04\/candlelighting.gif\" alt=\"candlelighting\" width=\"71\" height=\"74\" \/><\/a><\/strong>ung f\u00fcr mich, eine Geschichte zum Candlelighting, Presseartikel, mein Hinweis in meiner Kirchengemeinde und Tipps zur Gestaltung von Gottesdiensten (mit Ablaufplan, Texten und Liedern).<\/p>\n","protected":false},"excerpt":{"rendered":"<p>Rechtliche Informationen Leider gibt es immerwieder auch noch rechtliche Probleme, die Eltern, die ein Baby verloren haben, bew\u00e4ltigen m\u00fcssen. Fragen z.B. zum Namensrecht, d.h. welche Kindern werden ins Familienbuch eingetragen, kann man auch einen Vornamen eintragen lassen. Ganz viele Fragen erreichen mich aber zum\u00a0 Mutterschutz, d.h. steht M\u00fcttern totgeborenen Kindern \u00fcberhaupt Mutterschutz zu und wie &hellip; <a href=\"http:\/\/stillgeboren.de\/?page_id=95\" class=\"more-link\"><span class=\"screen-reader-text\">Informationen<\/span> weiterlesen <span class=\"meta-nav\">&rarr;<\/span><\/a><\/p>\n","protected":false},"author":2,"featured_media":0,"parent":0,"menu_order":3,"comment_status":"closed","ping_status":"closed","template":"","meta":[],"_links":{"self":[{"href":"http:\/\/stillgeboren.de\/index.php?rest_route=\/wp\/v2\/pages\/95"}],"collection":[{"href":"http:\/\/stillgeboren.de\/index.php?rest_route=\/wp\/v2\/pages"}],"about":[{"href":"http:\/\/stillgeboren.de\/index.php?rest_route=\/wp\/v2\/types\/page"}],"author":[{"embeddable":true,"href":"http:\/\/stillgeboren.de\/index.php?rest_route=\/wp\/v2\/users\/2"}],"replies":[{"embeddable":true,"href":"http:\/\/stillgeboren.de\/index.php?rest_route=%2Fwp%2Fv2%2Fcomments&post=95"}],"version-history":[{"count":4,"href":"http:\/\/stillgeboren.de\/index.php?rest_route=\/wp\/v2\/pages\/95\/revisions"}],"predecessor-version":[{"id":234,"href":"http:\/\/stillgeboren.de\/index.php?rest_route=\/wp\/v2\/pages\/95\/revisions\/234"}],"wp:attachment":[{"href":"http:\/\/stillgeboren.de\/index.php?rest_route=%2Fwp%2Fv2%2Fmedia&parent=95"}],"curies":[{"name":"wp","href":"https:\/\/api.w.org\/{rel}","templated":true}]}}